d(r) = -r + 2. Let c(g) = 3*g**3 - 12*g**2 + 10*g - 8. Let f be c(6). Let k = f - 268. What is d(k)?
2
Let j(p) = -p**3 + 5*p**2 - 3*p. Let g(x) = -2*x + 18. Let f be g(8). Let q be (6/(-12))/(f/(-12)). Suppose 4*y - q = 13. What is j(y)?
4
Let c(y) = -13*y - 16. Suppose 3*q - 1 = 2*j, 5*q + 24 - 13 = -3*j. Determine c(q).
-3
Let u = 551 - 554. Let q(j) = -j**3. Let f(i) = -7*i**3 - i**2 + i - 2. Let m be 4 + (-15)/(12/4). Let k(o) = m*f(o) + 6*q(o). What is k(u)?
-13
Let k(g) = 25*g**2 - 5 - 3*g + 43*g**2 - 78*g**2 - 2*g. Determine k(-2).
-35
Suppose 4*i = -0*i + 40. Let n(f) be the first derivative of -f**2/2 + 3*f - 393. What is n(i)?
-7
Let w(u) = u**3 + 4*u - 1 - 5*u**2 - 3*u**2 + 2*u**2. Suppose a - 12 = -j, 9*a = -2*j + 10*a + 6. What is w(j)?
23
Let m(v) = -5*v**2 + 0*v**2 - 8*v - 3*v**2 + 107*v**3 - 52*v**3 - 2 - 54*v**3 - 12. Let g be 0 - ((-4)/2 + -7). Calculate m(g).
-5
Let f = 40 + -7. Suppose 29*v + 8 = f*v. Let a(q) = -3*q. What is a(v)?
-6
Let v be -8 + 7 - (-3 + 6). Let r be (-119)/14 + 8 + 42/v. Let y(a) = a**2 + 12*a + 5. What is y(r)?
-6
Let k be (-21)/49 + 48/14. Suppose -3*g + 24 = 2*h - 30, 3*g - k*h - 54 = 0. Suppose 2*x + 0 - g = 4*j, -3*j - 16 = x. Let q(w) = w**2 + 8*w + 6. Give q(j).
-9
Let o = -2228 + 2229. Let a(k) = 8*k - 2. Determine a(o).
6
Let q = 21 + -14. Let y(x) be the second derivative of -x**4/12 + 4*x**3/3 - x**2/2 + 2745*x. Calculate y(q).
6
Let g(o) = o**3 + 7*o**2 - 46*o - 15. Let f be g(-11). Suppose 4*s - 7 - 1 = 0. Let y(w) = f*w**s + 7 + 2*w - 14 + 8. What is y(-1)?
6
Let i = -47 + 17. Let b be (3/4*2)/((-9)/i). Let v(o) be the first derivative of o**2/2 - 2*o - 11. What is v(b)?
3
Let d(f) be the first derivative of 5*f**2/2 + 44*f + 7430. Determine d(-6).
14
Let k be (1 - 3)/(52/78). Let n(s) = -4*s**2 + 5*s + 2. Determine n(k).
-49
Let l(o) = -2661*o - 2671*o + 39 + 5318*o - 8. Give l(3).
-11
Let d = -1 - 6. Let v(m) = -2*m**3 + 12*m**2 - 3*m + 8. Let s(z) = -3*z**3 + 14*z**2 - 2*z + 9. Let t(n) = 3*s(n) - 4*v(n). Calculate t(d).
2
Let l be ((-2 - -2) + 2*-1)*8. Let y = 34 + l. Suppose 4*d + 6 = -y. Let j(c) = -c**2 - 7*c. Determine j(d).
6
Let n(j) = -8 - 4 - j + j**2 - 4*j. Let a be n(7). Let y(z) = -9 + 3*z**3 + 5*z**2 + 0*z**3 + a*z + 7 - 2*z**3. Calculate y(-2).
6
Let i(l) = l**3 + 12*l**2 + 12*l + 10. Let h(u) = 25*u**2 - 76*u - 7. Let k be h(3). Determine i(k).
90
Let k(b) be the first derivative of -5*b**2 + b + 227. Let v(j) = j**2 - 12*j + 3. Let a(f) = -3*k(f) + 2*v(f). Calculate a(-4).
11
Suppose 5*g + 10 = 3*l, -5*l = 5*g - 7*g - 23. Let n(s) = 0 + 3 - s - 6 + 4. Let o(w) = 7*w - 5. Let q(i) = g*o(i) + 6*n(i). Give q(-1).
0
Let l be (-153 + 149)/((-2)/4). Let p(g) = 6*g - 8*g + 9*g**2 + 9 - 16 - 4*g - g**3. Determine p(l).
9
Let q(r) = -r**2 - 78*r - 49. Let k(l) = 3*l**2 + 195*l + 114. Let s(m) = 5*k(m) + 12*q(m). What is s(-13)?
-18
Let b(v) = v**3 - 11*v**2 - 11*v - 6. Let d be b(12). Suppose -2*r - 3*s + 6 = 0, 1 = 3*r + 4*s - d. Let f be 1/(r + (-13)/(-4)). Let x(c) = 2*c - 6. Give x(f).
2
Let x(y) be the first derivative of 5/3*y**3 + 1/2*y**4 + 2*y**2 + 81 + 3*y. What is x(-3)?
-18
Let q = 288 - 284. Let z(r) be the second derivative of r**5/60 - r**4/24 + r**3/3 + 11*r**2/2 - 7*r. Let x(n) be the first derivative of z(n). What is x(q)?
14
Suppose 0 = c - c + 3*c. Let n(z) be the first derivative of z**2/2 + 4*z + 15. Let i be n(c). Let q(w) = w**3 - 5*w**2 + w - 1. Calculate q(i).
-13
Let l(u) = 3*u + 114. Let t = -6761 + 6720. What is l(t)?
-9
Let d be (1219/(-46) - -26)/((-2)/(-4)). Let r(g) = -5*g - 1. Let y(b) = -1. Let m(v) = r(v) - y(v). Calculate m(d).
5
Let y be -151 - 8/(72/9). Let m = y - -158. Let t(a) = -a**2 + 2*a + 6. Calculate t(m).
-18
Let u = 0 - -18. Suppose -68*f = -71*f - u. Let a(i) be the first derivative of i**4/4 + 7*i**3/3 + 3*i**2 - 4*i + 1. Give a(f).
-4
Let p(u) be the second derivative of 31*u**3/6 - 119*u**2/2 + 3862*u. Determine p(4).
5
Let c(s) = s**2 - s + 18. Let x be 0 - (-48)/88 - (-10)/22. Let f be (x + -1)*(-4)/20. What is c(f)?
18
Suppose -129 = 43*i - 473. Suppose -d + i = -a + 1, 3*d = 5*a + 23. Let x(l) = l - 11. Let m(j) = -j + 10. Let k(u) = 6*m(u) + 5*x(u). Determine k(d).
-1
Let s = -8 - -9. Let v(n) be the second derivative of -3*n**3/2 + n**2 - 294*n - 2. Calculate v(s).
-7
Let w(m) = -m + m**3 - 833*m**2 - m - 2*m**3 - 22 + 817*m**2. Determine w(-16).
10
Let x(k) = 2*k**3 + 97*k**2 + 50*k + 93. Let h be x(-48). Let p(f) = 4*f**2 + f**3 + 1 - 6 + 3 + 1. Determine p(h).
8
Let u(z) be the third derivative of z**6/120 + 7*z**5/60 + z**4/12 + 29*z**3/3 - z**2 - 3*z - 889. Determine u(-8).
-22
Let g(o) = -2*o**3 - 40*o**2 + 6*o + 25. Suppose -144*h - 20*h - 3280 = 0. What is g(h)?
-95
Let j(u) = -40 + 0*u - 30 + 112 - 43 - 9*u. Let z be (-2)/(-2)*1/(-1). Give j(z).
8
Let z(w) = -w + 6. Suppose 4*i - 7*i + 3*m + 51 = 0, -3*i + 31 = 2*m. Suppose 0 = -17*f + 98 - i. Give z(f).
1
Suppose -4*h - 20 = -4*a, -4*h + h = a - 13. Let l(b) = a - 2 + b - 5. Let n = -5798 + 5802. What is l(n)?
4
Let i = 11349 - 11342. Let o(a) = 10*a + 37. What is o(i)?
107
Suppose 139*h - 666 = 160*h + 201*h. Let x(z) = -z**2 - 4*z - 3. Determine x(h).
0
Let u(o) = -o**2 - 7*o - 15. Let n be ((-2)/4)/((168/80 - 2)*1). What is u(n)?
-5
Let l(v) = -2*v - 23. Let m be 7 + -7 - 0 - (-2)/(-2). Let g be -6 - m - (8 - 0). Determine l(g).
3
Suppose 10 = 3*s + 2*s, 0 = w - 5*s + 4. Let t(f) = -318 - 9*f + 333 + 3*f**2 + 2*f**2 - 4*f**2. Give t(w).
-3
Let t(c) = -13*c**3 - 7*c**2 + 31*c - 4. Let w(l) = 6*l**3 + 4*l**2 - 16*l + 2. Let x(o) = 5*t(o) + 11*w(o). What is x(-11)?
-9
Let i(s) be the second derivative of s**5/20 - 9*s**4/4 + 25*s**3/6 + 27*s**2/2 + s + 511. Determine i(26).
1
Let t(n) = 6*n - 1. Suppose 5*z + 10*g - 8*g - 21 = 0, 4*z + 3*g - 14 = 0. Suppose 17*p = z*p - 24. Calculate t(p).
-13
Let d(g) = -12*g - 28. Let o be 10/1*(5 + (-108)/20). Determine d(o).
20
Let x = -11 + 23. Let u(a) be the second derivative of -a**5/20 + 11*a**4/12 + 3*a**3/2 + a**2/2 - 1688*a. Determine u(x).
-35
Let n(z) = -59*z - 90. Let m(y) = 6*y + 9. Let h(x) = -50*m(x) - 5*n(x). Suppose 5*t - 29 = 2*d - 3*d, 3*d = 3*t - 3. Suppose 0*g - 4 = -d*g. What is h(g)?
-5
Suppose 4*k = 2*k + 6, 0 = -5*d - 4*k + 72. Let o be (-1 - ((-25)/15 + 1))*d. Let m(u) = 5*u + u**2 - u - 3 - 1 + 3. Calculate m(o).
-1
Let h be ((-3)/(-18))/((-12)/(-144)). Let r(i) = i**h - 7*i**2 + 5 - 3*i - 7 + 4. What is r(-2)?
-16
Let k(p) = -9*p - 59. Let r be k(-7). Let j(y) = -1 - 17*y + 18*y + r. Determine j(-3).
0
Let m(y) = y**3 + 7*y**2 - 3*y - 17. Let l be m(-7). Let s(w) = -17*w + 46. Give s(l).
-22
Let d = -595 + 134. Let g = d - -461. Let w(b) = -3*b**3 - 5*b**2 - 3*b - 5. Let y(t) = 4*t**3 + 6*t**2 + 4*t + 6. Let o(c) = -5*w(c) - 4*y(c). What is o(g)?
1
Suppose -3388 = 942*i - 84 + 1406. Let d(x) = 4*x**3 - 5*x**2 + 2*x - 7. Let o(v) = v**3 + v. Let l(h) = d(h) - 5*o(h). What is l(i)?
8
Let a(g) = 1 - g + 4 + 4 - 4. Let r be 295/6 + (-2)/12. Let q = r + -43. Determine a(q).
-1
Let l(d) = 14*d**3 + 1. Let v(m) = 2*m**2 - m - 2. Let f(c) = -7*c**2 + 13*c + 9. Let y(j) = -f(j) - 4*v(j). Let q be y(-9). Calculate l(q).
-13
Let g(w) = -3774*w + 0*w**3 - 3*w**3 + 3770*w - 2 - w**2 + 13*w**2. Determine g(4).
-18
Let k(x) = 2*x**3 - 12*x**2 + 34*x - 4. Let u(m) = -2*m**3 + 8*m**2 - 35*m + 5. Let t(a) = -6*k(a) - 5*u(a). Give t(15).
14
Let w(o) = -2*o**3 + 37*o**2 - 70*o + 4. Let i be w(2). Let v(c) = -5*c**2 - 19*c - 25. Calculate v(i).
-29
Let m(y) be the second derivative of 3*y**5/10 + y**4/6 - y**3/3 + 5*y + 5. Determine m(1).
6
Suppose 3*x = -4*d - 28, 84 = -4*d - 8*x + 12*x. Let r(s) = -s**3 - 10*s**2 + 37*s - 4. Give r(d).
22
Suppose 4 = 5*n + 3*k - 3, 0 = n - 5*k - 7. Suppose 1 = 3*u - 8. Let t(d) = 23 - 17 + 2*d - 6*d - d**u + 6*d**n. Calculate t(6).
-18
Let q(u) be the first derivative of u**3/3 - 3*u**2 - 1. Let k(f) = 8*f**2 + 206*f + 203. Let r be k(-1). Determine q(r).
-5
Let k(c) = -c**3 + 5*c**2 + 4*c + 5. Suppose 25 = -7*j + 158. Let q = j - 9. Let f(t) = 3*t - 24. Let b be f(q). Give k(b).
-7
Let w(d) be the first derivative of -d**6/360 + d**5/30 + 7*d**4/24 - d**3/3 + 173*d**2/2 - 293. Let x(g) be the third derivative of w(g). What is x(7)?
-14
Suppose 0*d + 2*d = 26. Let p(c) = 89*c*